 2 + 2*j. Let n be 8*3/(-3)*(-9)/(-18). Determine z(n).
-10
Let u(k) = k**3 - k**2 + k - 14. Let m be (-1)/2 + (-150)/(-20) - 2. Suppose 5*n - 20 = 0, m*i + n - 4 = -0*n. What is u(i)?
-14
Let n(d) = -2*d + 4*d + 8*d**2 - 21 + 2 - 6*d**2. Let g be n(-4). Let f(z) be the third derivative of z**4/24 + z**3/3 - z**2. What is f(g)?
7
Let p(d) = -d + 2. Let r be p(-5). Suppose 0 = 5*u + 2 - r. Let h(v) = -u - 1 + v + 3. Give h(-1).
0
Let t(c) = -c**3 + 6*c**2 - 8*c + 7. Let r be t(3). Let m(b) = -2*b + 24. Give m(r).
4
Let d(x) = 24*x**2 - 18*x + 20. Let j(i) = 5*i**2 - 4*i + 4. Let r(a) = -3*d(a) + 14*j(a). Calculate r(4).
-44
Let c(m) = m - 1. Suppose -4*d - 2 + 10 = 0, 5*i + d - 27 = 0. Suppose -5*s - p = 2*p + 35, -i*s - 4*p = 40. Give c(s).
-5
Let b(i) = -3*i + 3. Suppose 3*n - 19 = 2*t, 0*t - 2*t = 4*n - 2. Let f be b(n). Let g(h) = 13 - 6 - h**2 + 0*h - 4*h. Give g(f).
-5
Let b(o) = -6*o**3 - o**2 - 2*o - 3. Let h(q) = 7*q**3 + 2*q**2 + 3*q + 4. Suppose s - 2*z = 9 - 2, -5*z = -3*s + 20. Let v(w) = s*h(w) + 6*b(w). What is v(5)?
-8
Let b be ((-3)/(-9))/(4/(-12)). Let s(v) = -3*v**2 + 6*v**3 - 13*v**2 + 1 + 17*v**2 + v. What is s(b)?
-5
Let t(h) = 3*h**2 + 1. Let y(w) = 4*w**2 + 2. Let u(v) = 7*t(v) - 5*y(v). Let m = 106 + -109. Give u(m).
6
Let q(k) be the third derivative of -k**4/24 + 4*k**3/3 - k**2. Let a = 94 + -92. Let f(i) = -2*i - 2. Let d be f(a). Calculate q(d).
14
Let i(o) be the third derivative of o**5/20 + o**4/12 - 2*o**3/3 + o**2 - 31. Determine i(-4).
36
Let m(s) = 16*s + 13. Let j(p) = 9*p + 7. Let n(q) = -7*j(q) + 4*m(q). Determine n(6).
9
Let l be 3 - (0/(-1) - 0). Let k(n) be the second derivative of 0 - n**2 - n + 1/6*n**3. Give k(l).
1
Let i(o) = -o**2 - 10*o - 1. Let l(k) = k**2 + 12*k + 2. Let d(n) = -7*i(n) - 6*l(n). What is d(5)?
10
Let g(r) = r**3 + 10*r**2 + r - 3. Let x(q) = 2*q**3 + 19*q**2 + 3*q - 6. Let h(p) = 5*g(p) - 3*x(p). What is h(-6)?
-9
Let a(l) = -l**3 - 5*l**2 + 6*l + 5. Let s be a(-6). Let b(h) = 2*h - 2. Let o be b(s). Let k(d) = d**2 - 8*d + 2. Calculate k(o).
2
Let m be 5 + 78/(-13) + 24/(-2). Let t(q) = q**2 + 13*q - 7. Calculate t(m).
-7
Let v(g) be the second derivative of g**4/12 - 5*g**3/6 + 4*g**2 - 11*g. Let c(r) be the first derivative of v(r). Calculate c(-4).
-13
Let g(q) be the second derivative of -q**4/6 + 30*q - 1. Give g(2).
-8
Let v(d) = -17 + 6*d - 3*d + 23. Suppose -5*f + 10 - 40 = 0. Calculate v(f).
-12
Let f(t) = 3*t - 8*t + 1 + 14 + 4*t. Determine f(6).
9
Let y(u) = -u**3 + 7*u**2 + 10*u - 13. Let o be y(8). Let i(a) = -a**o + 0*a**3 + 0*a**2 - a + a**2. What is i(2)?
-6
Suppose -5*q + m = -m + 172, -5*m = -q - 16. Let k = q - -40. Let g(a) = a - 5. Determine g(k).
-1
Let p(b) be the first derivative of b**2/2 - b + 28. Give p(10).
9
Let h = -405 + 399. Let q(n) = -n**3 - 6*n**2 + 2*n - 1. What is q(h)?
-13
Let l(a) = a**3 + 4*a**2 + 4*a - 1. Suppose -2*p = 25 + 9. Let x = -5 - -19. Let z = x + p. Calculate l(z).
-4
Suppose 5 = -6*a + 17. Suppose -a*n + 16 = -6*n. Let v(y) = y**3 + 3*y**2 - 4*y - 2. Give v(n).
-2
Let g(w) = -91*w - 27. Let s(m) = -33*m - 9. Let h(q) = 4*g(q) - 11*s(q). Give h(-9).
0
Let q(h) be the second derivative of 3*h + 1/2*h**2 + 0 - 1/3*h**3 + 1/2*h**4. Calculate q(2).
21
Let o(h) = 5*h - 9. Let b be ((-55)/(-110))/((-1)/(-8)). What is o(b)?
11
Let w = -103 + 113. Let q(v) = v - 4. Calculate q(w).
6
Let g(j) = -2*j**2 - j - 4. Suppose -3*b = -4*w - 4, -w + b = w + 4. Determine g(w).
-32
Suppose -f - 24 = -25. Let h(w) = -37*w**2 + 72*w**2 - f - 35*w**2 - 4*w**3. Determine h(1).
-5
Let d(y) = y**3 + 7*y**2 + 2*y + 3. Let p = 401 - 406. Give d(p).
43
Let g(d) = 1 - 2*d + 0*d - 3. Let f(w) = w**3 - 2*w**2 - w. Suppose 2 = 3*h - 4. Let s be f(h). Give g(s).
2
Suppose 12 = 3*l + 2*r, -3*l - r + 9 = -0*l. Let f be 4/2 + (l - -2). Let j(m) = -m + 7. Determine j(f).
1
Let w = -1152 + 1151. Let a(y) = 33*y**3 + 2*y**2 + y. Calculate a(w).
-32
Let j(c) = 6*c - 2. Let a(u) = -2 + 7 + 0 - 11*u. Let k(f) = 3*a(f) + 5*j(f). Suppose 5*m + 8 = 7*m. Determine k(m).
-7
Let i(b) = -132*b - 6. Let v be i(1). Let f = v + 142. Let n(l) = 6*l - l - 6 - 2*l. Calculate n(f).
6
Let m(c) = -c**3 + 4*c - 2. Let w be 5236/1540 + (3/5 - 1). Give m(w).
-17
Suppose 55*j = 62*j - 14. Let b(s) be the first derivative of -5/2*s**2 - s - 1. Determine b(j).
-11
Let q(z) be the third derivative of 2*z**2 + 2/3*z**3 + 1/24*z**4 + 0 + 0*z. Let l = 13 - 17. Determine q(l).
0
Let c(u) = u**3 - u + 3. Let s be c(0). Suppose -15 = -0*y - 3*y. Suppose -15 = -0*k - y*k, s*k = 4*h + 9. Let a(t) = t**3 + t + 9. What is a(h)?
9
Let o be (-2)/(-3)*(16 + -10). Suppose -o*v - 12 = 3*d, 4*d - 3 - 1 = -2*v. Let h = -12 - v. Let u(b) = -b**3 - 7*b**2 - 5*b + 7. Give u(h).
1
Let r(i) = -i + 29. Let w = 41 + -41. What is r(w)?
29
Let w(s) = -s - 5. Let a be 134/(-12) + 14/84. Let l be (-11 - a)/(2*1). Calculate w(l).
-5
Let h(g) = -g**3 - 16*g**2 + 35*g - 24. Let s be h(-18). Let j(u) = -2*u**2 - u + u**2 - 5 - 5*u. What is j(s)?
-5
Let r = 44 - 42. Let i be -14 + 9 - (-20)/r. Let j(x) = -x**3 + 5*x**2. Determine j(i).
0
Let v(c) = -5*c**3 + c**2 + 2*c - 2. Let w be v(1). Let q(x) be the first derivative of -x**4/4 - x**3 + x**2 - 5*x - 1. What is q(w)?
3
Let t = -1 + 3. Let v(n) = -5864 + 11724 - 5858 + n**2 - 3*n**3. Calculate v(t).
-18
Suppose q + 9*q - 20 = 0. Let m(o) = -3*o**2 - 2*o**2 + 6*o**q - 7*o + 6 - 2*o**2. Determine m(-7).
6
Let i(c) be the second derivative of c**4/12 - 7*c**3/3 + 9*c**2/2 + 3*c + 4. What is i(13)?
-4
Let p be -2*(-3286)/28 + 4/14. Let z(k) = p*k - 6 - 2 - 236*k. Determine z(-8).
0
Let c(k) = -k**2 - 7*k. Suppose 0 = -f + 31 + 1. Suppose -4*h + f = -0. Suppose -z + 3*r + 7 - 1 = 0, -h = 2*z - r. Give c(z).
6
Let f(d) = -d**3 + 6*d**2 + 4*d. Suppose 3*q = k - 9, 0 = -5*k - 5*q + 6*q + 17. What is f(k)?
39
Let a(t) = -t**3 - t**2 - 2*t. Let i = -33 + 36. Suppose i*r + r = -8. Give a(r).
8
Let f be 480/(-2160)*9/2. Let p(d) be the third derivative of d**6/120 - d**4/24 - d**3/3 + 2*d**2. Let v(n) be the first derivative of p(n). What is v(f)?
2
Let b(a) = a + a + 4147 - 4162. Give b(12).
9
Let z(b) = b**2 + 1. Suppose 594*o - 60 = 584*o. Determine z(o).
37
Suppose 28 = b + 9. Suppose 3*m - 2*n + b = 3*n, -m = -5*n + 23. Let q(s) = 3*s - s - 2*s - 8*s**m. What is q(-1)?
-8
Let r(l) = 2*l**2 + 5*l - 5. Let x(v) = 5*v + 317. Let s be x(-63). Determine r(s).
13
Let t(v) = -v**2 + 7*v - 3. Suppose 2*k = u - 11, -13 = 6*u - 7*u + 3*k. What is t(u)?
-3
Suppose 0 = -7*o + 10*o + 9. Let x = -5 - o. Let q(v) = -v**2 + v + 1. Let m(r) = -2*r**2 + 3*r + 1. Let z(d) = -m(d) + q(d). Give z(x).
8
Suppose 0*l - 6 = -5*d + l, -4*l = -4*d - 8. Let x(q) = -2 + q**3 + 5*q**d - 2 - 6*q + 6 + 4*q. Let c(b) = -b**2 - 7*b - 5. Let s be c(-7). Calculate x(s).
12
Suppose 2*v + 0*v = -8. Suppose 0*f - 5*f = 5. Let b = v + f. Let j(k) = -k**3 - 6*k**2 - 5*k - 6. Give j(b).
-6
Let x = 2172 + -2172. Let a(d) = d**3 - d - 1. Calculate a(x).
-1
Let c(a) = 2*a**2 - 1. Suppose 8*p = 6*p + 150. Let z be ((-1)/(-3))/((-25)/p). Determine c(z).
1
Let s(k) = -k**2 + k + 8. Let d be (-5 + 15/3)/(-1 - 0). Suppose 5*c - 2*o = d, 2*o - 5*o = 0. Calculate s(c).
8
Let z = -430 - -439. Let n(r) = -4*r - 1. Give n(z).
-37
Let v(c) = -c**3 + 16*c**2 - 30*c + 31. Let r be v(14). Let g(x) = 4*x**2 + 9*x + 9. Let i(h) = h**2 + h + 1. Let o(y) = g(y) - 6*i(y). Give o(r).
-6
Suppose -13*k + 3 = -14*k. Let t(f) = 16*f - 30*f + 13*f. What is t(k)?
3
Let q(j) = j**2 - 5*j + 8. Suppose 6 = n - 4*c, -8*c + 9*c + 18 = 3*n. Give q(n).
14
Suppose -3*y + 9 = 0, 5*c + 4*y - 233 + 166 = 0. Let x(v) be the second derivative of v**4/12 - 5*v**3/3 - 5*v**2 + 2*v. Calculate x(c).
1
Let z(i) = -3*i**3 + 4*i**2 - 2*i. Let p(g) = 2*g**3 - 5*g**2 + 1. Suppose -d + 12 = -4*d. Let v(q) = d*p(q) - 3*z(q). Determine v(-7).
3
Let s(o) = -2*o - 5. Let g(r) = r**2 + 3*r - 14. Let q be g(-6). Suppose -2*c + 6*f - q*f = 10, -6 = c - 2*f. Calculate s(c).
3
Suppose 5*k = 7*k + 2. Let c(o) = -22*o**3 - o**2 + o + 1. Give c(k).
21
Let v = 43 - 33. Suppose -3*x = v*x. Let g(y) = y. Give g(x).
0
Suppose -3*j + 8 = j. Let t(f) = -9*f**2 - 3*f + 9. Let i(q) = -7*q**2 - 3*q + 7. Let x(m) = 4*i(m) - 3*t(m). Calculate x(j).
-9
Suppose 2*v = -0*v + 6. Suppose p = -